73, 34739
List the prime factors of 196675860.
2, 3, 5, 499, 6569
List the prime factors of 323282789.
323282789
What are the prime factors of 83692536?
2, 3, 3487189
List the prime factors of 51583774.
2, 11, 2344717
What are the prime factors of 80392636?
2, 23, 41, 21313
List the prime factors of 18092645.
5, 59, 61331
What are the prime factors of 10702689?
3, 97, 36779
List the prime factors of 51553611.
3, 179, 10667
List the prime factors of 104658013.
29, 3608897
List the prime factors of 88500766.
2, 44250383
What are the prime factors of 162411499?
162411499
List the prime factors of 407334260.
2, 5, 2351, 8663
What are the prime factors of 1687866425?
5, 7, 19, 467, 1087
List the prime factors of 210488989.
29, 683, 10627
List the prime factors of 433295155.
5, 1987, 43613
List the prime factors of 57792713.
11, 73, 71971
List the prime factors of 481771425.
3, 5, 83, 193, 401
List the prime factors of 293262019.
17, 17250707
List the prime factors of 47617057.
47617057
List the prime factors of 878968988.
2, 41, 271, 19777
List the prime factors of 5176193709.
3, 1725397903
List the prime factors of 75776591.
11, 53, 59, 2203
List the prime factors of 37622270.
2, 5, 7, 107, 5023
List the prime factors of 131736959.
53, 733, 3391
What are the prime factors of 26709917?
13, 2054609
List the prime factors of 577564397.
577564397
List the prime factors of 38227465.
5, 71, 257, 419
What are the prime factors of 797228628?
2, 3, 7, 1355831
What are the prime factors of 193922313?
3, 13, 131, 37957
List the prime factors of 842397941.
7, 11, 257, 42569
What are the prime factors of 1141151626?
2, 103, 5539571
List the prime factors of 28300432.
2, 1009, 1753
What are the prime factors of 74450728?
2, 11, 113, 7487
List the prime factors of 100658229.
3, 7, 241, 19889
List the prime factors of 61582683.
3, 20527561
List the prime factors of 1125558546.
2, 3, 7, 26799013
What are the prime factors of 33276866?
2, 7, 19, 125101
List the prime factors of 2300206.
2, 1150103
List the prime factors of 730432629.
3, 139, 583879
What are the prime factors of 1808956432?
2, 29, 113, 34501
What are the prime factors of 21965699?
7, 1399, 2243
What are the prime factors of 27150744?
2, 3, 73, 15497
What are the prime factors of 10558821?
3, 7, 13, 38677
List the prime factors of 19306387.
131, 147377
What are the prime factors of 3785184114?
2, 3, 630864019
List the prime factors of 43373337.
3, 7, 2065397
List the prime factors of 39631582.
2, 271, 73121
List the prime factors of 157407806.
2, 199, 617, 641
List the prime factors of 306304770.
2, 3, 5, 10210159
What are the prime factors of 1844310921?
3, 3539, 173713
What are the prime factors of 68938120?
2, 5, 1723453
What are the prime factors of 4623364794?
2, 3, 53, 71, 193, 1061
List the prime factors of 81005295.
3, 5, 7, 163, 4733
What are the prime factors of 94004776?
2, 29, 613, 661
What are the prime factors of 5685684?
2, 3, 17, 47, 593
What are the prime factors of 1494523659?
3, 71, 79, 88817
List the prime factors of 592787438.
2, 296393719
List the prime factors of 47797840.
2, 5, 597473
List the prime factors of 1669295519.
1669295519
What are the prime factors of 88594340?
2, 5, 19, 233143
What are the prime factors of 2547261891?
3, 23, 839, 4889
List the prime factors of 131160516.
2, 3, 10930043
List the prime factors of 114863468.
2, 41, 700387
List the prime factors of 165785614.
2, 82892807
List the prime factors of 64030764.
2, 3, 7, 79, 9649
List the prime factors of 341364813.
3, 113788271
What are the prime factors of 3867006017?
7, 552429431
List the prime factors of 181723113.
3, 11, 13, 141199
List the prime factors of 28701716.
2, 263, 27283
List the prime factors of 360165657.
3, 31, 313, 12373
What are the prime factors of 28368905?
5, 5673781
What are the prime factors of 16125923?
11, 1465993
List the prime factors of 1262010860.
2, 5, 11, 73, 179, 439
What are the prime factors of 6460298729?
6460298729
List the prime factors of 2848164308.
2, 11, 31, 17257
List the prime factors of 11846713.
11846713
What are the prime factors of 902888711?
902888711
What are the prime factors of 99700051?
11, 283, 32027
List the prime factors of 12503782.
2, 149, 41959
What are the prime factors of 2673769594?
2, 1336884797
What are the prime factors of 37313759?
7, 17, 313561
What are the prime factors of 129473584?
2, 457, 17707
What are the prime factors of 362790982?
2, 17, 10670323
List the prime factors of 82245753.
3, 3046139
What are the prime factors of 4360441?
97, 44953
List the prime factors of 1846340850.
2, 3, 5, 12308939
What are the prime factors of 435682387?
7, 97, 101, 6353
List the prime factors of 40241901.
3, 7, 1916281
What are the prime factors of 31713377?
41, 773497
List the prime factors of 130219695.
3, 5, 43, 173, 389
List the prime factors of 204701958.
2, 3, 89, 191, 223
List the prime factors of 2242442242.
2, 139, 8066339
What are the prime factors of 869096648?
2, 7, 15519583
What are the prime factors of 99180482?
2, 17, 2917073
What are the prime factors of 1369173332?
2, 79, 199, 21773
What are the prime factors of 44279783?
44279783
List the prime factors of 41568706.
2, 17, 31, 39439
List the prime factors of 1028255687.
23, 41, 1090409
What are the prime factors of 426743881?
181, 2357701
What are the prime factors of 34768847?
23, 1511689
List the prime factors of 8024440.
2, 5, 83, 2417
What are the prime factors of 102418933?
102418933
What are the prime factors of 4403381032?
2, 101, 181, 30109
What are the prime factors of 366494188?
2, 103, 109, 8161
List the prime factors of 109876299.
3, 13, 2817341
What are the prime factors of 37912968?
2, 3, 175523
List the prime factors of 552328226.
2, 131, 2108123
List the prime factors of 155169293.
23, 71, 95021
List the prime factors of 787563.
3, 7, 463
What are the prime factors of 68921003?
68921003
List the prime factors of 271006780.
2, 5, 11, 89, 13841
List the prime factors of 2444304020.
2, 5, 19, 607, 10597
List the prime factors of 6024643448.
2, 1123, 670597
What are the prime factors of 30836208?
2, 3, 13, 49417
List the prime factors of 205302076.
2, 7, 587, 12491
What are the prime factors of 285262021?
11, 25932911
What are the prime factors of 296570607?
3, 457, 216317
What are the prime factors of 166753232?
2, 41, 254197
List the prime factors of 502658812.
2, 227, 553589
List the prime factors of 4654461284.
2, 11, 61, 1734151
List the prime factors of 218267279.
218267279
What are the prime factors of 384009959?
384009959
What are the prime factors of 365123105?
5, 43, 1698247
What are the prime factors of 2978095725?
3, 5, 11, 137, 8783
List the prime factors of 1838680222.
2, 919340111
What are the prime factors of 190072320?
2, 3, 5, 24749
List the prime factors of 29080216.
2, 11, 47, 79, 89
What are the prime factors of 269712924?
2, 3, 13, 41, 42169
What are the prime factors of 27412711?
23, 31, 38447
List the prime factors of 4068696654.
2, 3, 11, 1697, 12109
What are the prime factors of 189951128?
2, 71, 334421
What are the prime factors of 3943561812?
2, 3, 328630151
What are the prime factors of 438389030?
2, 5, 17, 2578759
What are the prime factors of 4869150538?
2, 7, 2383, 145949
What are the prime factors of 267984636?
2, 3, 37, 603569
What are the prime factors of 21275216?
2, 1329701
List the prime factors of 1798767929.
7, 127, 257, 7873
List the prime factors of 282549578.
2, 6323, 22343
What are the prime factors of 2974518426?
2, 3, 11, 45068461
List the prime factors of 357448489.
47, 7605287
List the prime factors of 910129528.
2, 7, 11, 83, 2543
List the prime factors of 1829971117.
13, 140767009
What are the prime factors of 75784943?
13, 1499, 3889
What are the prime factors of 62411251?
7, 181957
List the prime factors of 3245806072.
2, 53, 7655203
What are the prime factors of 1271644648?
2, 71, 2238811
What are the prime factors of 31146021?
3, 97, 35677
What are the prime factors of 3701003687?
67, 227, 243343
List the prime factors of 2953199426.
2, 433, 3410161
List the prime factors of 2108225187.
3, 234247243
List the prime factors of 107165311.
11, 47, 53, 3911
What are the prime factors of 289722726?
2, 3, 103, 156269
List